983622.
2, 7, 13, 163, 6067
List the prime factors of 492544590.
2, 3, 5, 16418153
What are the prime factors of 100687633?
79, 113, 11279
What are the prime factors of 5551471119?
3, 113, 137, 119533
List the prime factors of 176638677.
3, 58879559
What are the prime factors of 972189824?
2, 199, 38167
List the prime factors of 798389079.
3, 266129693
List the prime factors of 1639791519.
3, 571, 957263
What are the prime factors of 1723509807?
3, 23, 24978403
List the prime factors of 2460057324.
2, 3, 205004777
What are the prime factors of 2808236140?
2, 5, 1949, 72043
What are the prime factors of 243108835?
5, 197, 246811
List the prime factors of 323461587.
3, 41, 71, 37039
List the prime factors of 3340363502.
2, 7, 238597393
List the prime factors of 331238103.
3, 7, 15773243
What are the prime factors of 98656384?
2, 23, 31, 47
What are the prime factors of 4430703769?
67, 66129907
What are the prime factors of 169681786?
2, 31, 571, 4793
What are the prime factors of 400789750?
2, 5, 1603159
List the prime factors of 1072129564.
2, 11, 1987, 12263
List the prime factors of 1065495951.
3, 13, 331, 1019
What are the prime factors of 33348206?
2, 23, 724961
What are the prime factors of 2437166090?
2, 5, 29, 8404021
List the prime factors of 3011705252.
2, 157, 4795709
List the prime factors of 17090063.
19, 899477
What are the prime factors of 623510906?
2, 3533, 88241
What are the prime factors of 209175666?
2, 3, 7, 29, 199, 863
List the prime factors of 812249822.
2, 406124911
What are the prime factors of 5251736360?
2, 5, 13, 1291, 7823
What are the prime factors of 70912367?
2203, 32189
List the prime factors of 20264877.
3, 281, 2671
What are the prime factors of 524513370?
2, 3, 5, 17483779
List the prime factors of 1385650889.
7, 197950127
List the prime factors of 142978008.
2, 3, 103, 57839
What are the prime factors of 1257568104?
2, 3, 13, 233, 17299
What are the prime factors of 179035707?
3, 59678569
What are the prime factors of 144225897?
3, 48075299
List the prime factors of 23697686.
2, 37, 320239
List the prime factors of 1816113585.
3, 5, 11, 13, 846673
List the prime factors of 208507743.
3, 193, 40013
What are the prime factors of 1493168431?
61, 24478171
What are the prime factors of 104843508?
2, 3, 7, 11, 113467
What are the prime factors of 4149095466?
2, 3, 67, 83, 124351
List the prime factors of 20273062.
2, 10136531
What are the prime factors of 64420146?
2, 3, 7, 19, 71, 379
List the prime factors of 1104294223.
43, 25681261
List the prime factors of 1184612989.
7, 17, 9954731
List the prime factors of 3217923139.
3217923139
What are the prime factors of 6602765039?
13, 507905003
What are the prime factors of 268677182?
2, 41, 3276551
List the prime factors of 474071493.
3, 7, 22574833
What are the prime factors of 39614674?
2, 11, 163697
List the prime factors of 14948308.
2, 3737077
List the prime factors of 808870846.
2, 7, 17, 47, 167, 433
List the prime factors of 85738263.
3, 13, 263, 643
List the prime factors of 95948456.
2, 23, 197, 2647
List the prime factors of 386968068.
2, 3, 107, 100459
What are the prime factors of 2671318414?
2, 19, 47, 78721
What are the prime factors of 691870143?
3, 229, 1007089
What are the prime factors of 6656078876?
2, 43, 1621, 23873
What are the prime factors of 1719582321?
3, 573194107
What are the prime factors of 115852523?
7681, 15083
What are the prime factors of 3678266047?
17, 216368591
List the prime factors of 39287302.
2, 19643651
What are the prime factors of 25722815?
5, 43, 181, 661
List the prime factors of 17358971.
7, 43, 101, 571
List the prime factors of 1632448193.
29, 56291317
What are the prime factors of 2530040964?
2, 3, 11, 19166977
List the prime factors of 6107022.
2, 3, 113093
What are the prime factors of 5912209064?
2, 23, 103, 311957
What are the prime factors of 1327639949?
1327639949
List the prime factors of 18914919.
3, 6304973
What are the prime factors of 1787221625?
5, 7, 383, 5333
List the prime factors of 306278789.
12641, 24229
List the prime factors of 405097554.
2, 3, 541, 124799
List the prime factors of 24768332.
2, 23, 269221
List the prime factors of 23933503.
11, 2175773
List the prime factors of 4972360675.
5, 2687, 74021
What are the prime factors of 75695400?
2, 3, 5, 11, 3823
What are the prime factors of 382110159?
3, 19, 6703687
What are the prime factors of 445232250?
2, 3, 5, 433, 457
What are the prime factors of 2775759714?
2, 3, 7, 13, 1694603
List the prime factors of 15647976.
2, 3, 217333
What are the prime factors of 232658589?
3, 77552863
List the prime factors of 5305314586.
2, 11, 13, 1426927
List the prime factors of 16070642.
2, 7, 1147903
What are the prime factors of 297234179?
11, 27021289
List the prime factors of 991614241.
79, 12552079
List the prime factors of 39444462.
2, 3, 31, 23563
List the prime factors of 3247545.
3, 5, 7, 157, 197
What are the prime factors of 142967440?
2, 5, 7, 11, 23209
What are the prime factors of 139361962?
2, 3779, 18439
What are the prime factors of 705697738?
2, 352848869
List the prime factors of 155143611.
3, 7, 941, 2617
List the prime factors of 1033681636.
2, 13, 1453, 13681
List the prime factors of 1255754345.
5, 23, 2239, 4877
What are the prime factors of 60629329?
541, 112069
What are the prime factors of 3881459373?
3, 11, 59, 269, 7411
List the prime factors of 1408593188.
2, 163, 2160419
What are the prime factors of 1591350895?
5, 318270179
List the prime factors of 34714492.
2, 1129, 7687
What are the prime factors of 47494930?
2, 5, 7, 678499
List the prime factors of 81809807.
2909, 28123
List the prime factors of 2321622041.
271, 2663, 3217
List the prime factors of 118423032.
2, 3, 7, 13, 43, 97
List the prime factors of 55198747.
55198747
List the prime factors of 598338822.
2, 3, 99723137
List the prime factors of 1105126863.
3, 353, 1043557
List the prime factors of 81793819.
23, 3556253
List the prime factors of 1400821060.
2, 5, 70041053
What are the prime factors of 15564696?
2, 3, 7, 92647
List the prime factors of 436917515.
5, 87383503
What are the prime factors of 496517704?
2, 67, 457, 2027
List the prime factors of 2724526048.
2, 85141439
What are the prime factors of 1531959019?
383, 3999893
What are the prime factors of 166706443?
166706443
What are the prime factors of 288878187?
3, 13, 131, 56543
What are the prime factors of 1598751358?
2, 799375679
List the prime factors of 17998492.
2, 4499623
List the prime factors of 202396069.
202396069
What are the prime factors of 2175426047?
613, 1483, 2393
List the prime factors of 62768029.
17, 1223, 3019
What are the prime factors of 18012259?
18012259
What are the prime factors of 3176975593?
11, 179, 1613497
What are the prime factors of 3603662639?
3603662639
List the prime factors of 66812780.
2, 5, 41, 59, 1381
What are the prime factors of 136377374?
2, 7, 53, 183797
List the prime factors of 1934547980.
2, 5, 17, 5689847
What are the prime factors of 109203206?
2, 7, 17, 37, 12401
List the prime factors of 255668447.
255668447
List the prime factors of 1683691485.
3, 5, 7, 16035157
List the prime factors of 1376329345.
5, 275265869
List the prime factors of 259347482.
2, 129673741
What are the prime factors of 658371471?
3, 219457157
What are the prime factors of 48960614?
2, 1361, 17987
List the prime factors of 1688725406.
2, 844362703
List the prime factors of 21450301.
2273, 9437
List the prime factors of 11326725.
3, 5, 50341
List the prime factors of 3335239283.
601, 5549483
List the prime factors of 20053566.
2, 3, 13, 43, 1993
List the prime factors of 104076589.
104076589
List the prime factors of 674118775.
5, 11, 29, 137, 617
List the prime factors of 68905335.
3, 5, 17, 270217
List the prime factors of 3301692806.
2, 1650846403
What are the prime factors of 53866566?
2, 3, 13, 76733
List the prime factors of 50479477.
17, 197, 15073
List the prime factors of 113213755.
5, 223, 101537
List the prime factors of 266634547.
229, 1164343
List the prime factors of 356202534.
2, 3, 29, 2047141
What are the prime factors of 25460404?
2, 397, 16033
List the prime factors of 8929536.
2, 3, 7, 11, 151
What are the prime factors of 181127996?
2, 7, 17, 41, 9281
List